. What is the greatest common divisor of h and 1717?
17
Suppose 489*d + 268 = 648*d - 209. Let p = 2 + -1. Let j be ((0 + -6)/(-2))/p. Calculate the highest common divisor of d and j.
3
Let y be (-5)/(5/2) + 135 + 5. Let c = y + -3. Calculate the greatest common factor of 27 and c.
27
Suppose -w - 569 = -b, -2*w + 2270 = -3*b + 7*b. Calculate the highest common divisor of b and 88.
8
Suppose 4*a + 2*k - 6*k - 204 = 0, 5*a = -3*k + 271. Suppose -5*g + 100 = -5*t, -2*t + 133 = 3*g + a. Calculate the greatest common divisor of g and 9.
3
Let x be -2*(-2 - -6)*405/(-20). Let w be (x/63)/((-2)/(56/(-3))). What is the greatest common divisor of 72 and w?
24
Suppose -27*i = 4309 + 92. Let w = i - -175. Calculate the highest common factor of 132 and w.
12
Let o be 17/51 + (-109)/3 + 0. Let w = o - -36. Suppose -m + 3*m - 6 = w. Calculate the greatest common factor of m and 27.
3
Let m = -155 - -173. Suppose -64 = -2*j - 5*n, m*n = -4*j + 23*n + 98. Let g = 32 + -14. What is the greatest common factor of j and g?
9
Let x be (1393/(-28) + -2)/(12/(-48)). What is the highest common divisor of x and 1127?
23
Suppose 53 = -4*a + 2993. Let j be -54 + (-1443)/(-26) - 570/(-12). Calculate the highest common divisor of a and j.
49
Suppose 6654 + 83121 = 5*a. Suppose a = 12*p + 3*p. Let v = p + -735. Calculate the highest common divisor of 42 and v.
42
Let x(o) = -o**2 + 6*o - 1. Let v be x(5). Suppose 18*t - 99*t = 20*t - 2828. What is the greatest common factor of v and t?
4
Suppose -4*i = -5*g + 3*g + 116, 4*i - 224 = -3*g. Suppose -13*f + 461 + 202 = -0*f. What is the greatest common factor of f and g?
17
Suppose -3*n + 7*r + 301 = 5*r, 3*n - 5*r - 289 = 0. Suppose 0 = 2*t - n + 7. What is the greatest common factor of t and 60?
12
Let g = 71 + -55. Let p = 234 - 25. Let h = p + -97. What is the highest common divisor of h and g?
16
Let k be -2*((-18)/(-4) - 2) - (-3817 - -109). Calculate the highest common factor of k and 7.
7
Let o(n) = -15*n**2 + 3*n - 395. Let j be o(0). Let u = j - -731. What is the greatest common factor of u and 144?
48
Suppose -j - s = s + 4, -j + 14 = -4*s. Suppose -4*t - j*v + v = -163, t - 43 = 2*v. Let m = 45 - t. What is the highest common divisor of m and 4?
4
Let k be (-1683)/1881 - (-2)/(-38)*2. Let r be ((-2)/(-1))/((0 + k)/(-114)). What is the highest common divisor of 12 and r?
12
Suppose -18*n = -23*n + 325. Let p(u) = u**3 - 35*u**2 + 21*u - 20. Let l be p(35). What is the highest common factor of n and l?
65
Let v be ((-5)/(-15))/(9/6 + (-2188)/1464). Calculate the greatest common divisor of v and 2867.
61
Let y = 13175 - 9332. Calculate the greatest common factor of 42 and y.
21
Suppose 9 = 2*k + 5*t, -t + 2 = 1. Let n(j) = 2*j**3 - j**2 - 36*j + 108. Let o be n(3). Calculate the highest common factor of o and k.
1
Suppose -5*u = -3*x + 1769, 0 = -2*x + 14*u - 10*u + 1176. Suppose -x - 602 = -6*b. Calculate the highest common divisor of b and 30.
10
Let l(u) = -44*u - 32. Let r be l(-10). Suppose r = -5*m + 523. Suppose -c + 2*c = 92. What is the greatest common divisor of c and m?
23
Let r(n) = 6*n**2 + 205*n - 798. Let j be r(-38). Let q = 121 + -64. Calculate the greatest common factor of j and q.
19
Let s be (418/33)/((-12)/18*1/(-673)). Calculate the highest common divisor of s and 19.
19
Let w(o) = -o**3 - 12*o**2 + 13*o + 10. Let m be (-290)/22 + 8/44. Let y be w(m). Suppose y*v = 14*v - 836. Calculate the greatest common divisor of v and 19.
19
Let w = -1032 + 1290. What is the highest common divisor of 27606 and w?
258
Let v = -323 + 317. Let t be 960/18 + v/(-9). What is the greatest common divisor of t and 189?
27
Suppose 150*v + 125*v = 251*v + 279216. Calculate the greatest common divisor of v and 42.
42
Suppose 6*s - 4*s - 4 = 0. Suppose -15 = 3*g, s*i + 7*g - 3*g = -50. Let m be 116/1*i/(-60). Calculate the highest common factor of m and 319.
29
Let w = 1333 + -554. What is the greatest common divisor of w and 57?
19
Let b be 369 - (-108)/(-45)*5. What is the highest common factor of b and 408?
51
Let r = -710 - -714. Let k be (-217628)/(-1394) - r/34. Calculate the greatest common divisor of k and 39.
39
Let y(q) = -q**2 + 25*q - 3. Let j be y(3). What is the greatest common divisor of 35 and j?
7
Let s(r) = 13*r - 23 + 22 - 6*r - 49. Let i be s(12). Calculate the highest common factor of i and 85.
17
Let d be ((-147)/(-2) - 1) + 3/2. Suppose -4*s + 23 = 5*a - 30, 4*s = 2*a + d. What is the greatest common factor of s and 85?
17
Let k(v) = 10*v**2 - 25*v + 33. Let p = 711 - 706. Let w be k(p). Calculate the highest common factor of w and 2.
2
Let j(q) = -q**2 - 10*q - 4. Let l be j(-6). Let w(z) = -z**2 + 14*z - 3. Let u be w(l). Let g = u - -139. Calculate the greatest common divisor of g and 40.
8
Suppose 460*b - 457*b - 4*d = 9, -5*b = 3*d - 44. Calculate the greatest common divisor of b and 854.
7
Let r(t) = 10*t**2 + 8*t - 4. Let c be r(-8). Let o(z) = 7*z - 93. Let l be o(-26). Let b = c + l. Calculate the highest common factor of b and 27.
27
Suppose 4*d = 4*r - 6000, 1480 = -84*r + 85*r + 3*d. What is the greatest common divisor of r and 390?
65
Suppose 67*n - 70*n + 111 = 0. Let r be n/(-3) + 12 - (-812)/6. Calculate the highest common factor of 216 and r.
27
Let n = -191 - 30. Let q be n/(-4) - 2/8. Suppose 13*r = 4*o + 9*r - 24, -27 = -2*o - r. What is the greatest common factor of q and o?
11
Let k = 123 + -84. Let r be (-207)/(3*(-4)/12). Suppose -98 = -3*m - 4*f, -5*m + r = 4*f + 57. Calculate the greatest common divisor of m and k.
13
Suppose 0 = 12*m - 7167 - 789. Let w be -8*(-3)/48*78. Calculate the highest common divisor of m and w.
39
Suppose 10*u - 9*u + 398 = 5*k, -2*k + 3*u = -141. Calculate the highest common divisor of k and 1.
1
Let t = 8411 - -4575. Calculate the greatest common factor of 86 and t.
86
Suppose -89*l = -826 - 509. Let r = -17 + 3. Let n be (-74)/r - (-4)/(-14). What is the greatest common factor of n and l?
5
Suppose -475*g + 79380 = -405*g. Calculate the greatest common factor of g and 1260.
126
Let o(l) = 5*l - 13. Let y be o(3). Suppose 5*c - y*c = 81. What is the greatest common divisor of c and 36?
9
Suppose 3 = -3*v, 3*n + 4*v = -n + 176. Let t(p) = -4*p + 24. Let h be t(6). Suppose h = -2*i - 61 + 71. What is the highest common factor of n and i?
5
Let t = 1446 + -1000. Suppose -3*k = 4*j - 461, -3*k - j + t = -0*j. Let z = k - 47. Calculate the greatest common divisor of z and 20.
20
Suppose -4*j + 6*c = -18, -5*c + 26 = -5*j + 56. What is the highest common divisor of j and 58?
1
Let t = 343 + -129. Let u be (-7)/(-14)*(0 + t). Suppose 26 = -105*f + u*f. Calculate the greatest common factor of f and 104.
13
Let w = -226 + 751. Suppose n - g - 115 = 0, -n = -6*n - 5*g + w. Suppose n = 3*y + 8. Calculate the highest common factor of y and 17.
17
Let i(g) = 101*g - 3049. Let r be i(31). What is the greatest common divisor of 1681 and r?
41
Let o = -20 - -42. Suppose a = 5*g + o + 18, a - g - 20 = 0. What is the highest common divisor of 20 and a?
5
Let i = 422 + -380. Suppose 168 = -35*l + i*l. What is the greatest common factor of 36 and l?
12
Let t be (252/588 - 65/70)*(-130322 - 0). Calculate the highest common divisor of 17 and t.
17
Let r = 5 + -3. Suppose r*c - 17 = c. Suppose -712*j = -273*j - 82093. What is the greatest common divisor of c and j?
17
Let n = 611 + -591. Let c = -3 - -7. Suppose 0*f = -c*f + 32. What is the highest common divisor of n and f?
4
Let p(y) = -8*y + 83. Let a be p(11). Let l be (a - 0) + (4 - -3). Let z = 8 + -7. Calculate the highest common divisor of l and z.
1
Suppose 3*l - 8*l - 137 = 2*x, 2*x + 129 = 3*l. Let j = -59 - x. Calculate the highest common divisor of 28 and j.
7
Suppose -2*t + 268 = -539*i + 541*i, -5*t + 634 = -4*i. Let x = 29 - -36. Calculate the highest common divisor of t and x.
65
Let b = 4 + -1. Suppose -8*t + 253 + 11 = 0. Let m = t + b. What is the greatest common factor of 24 and m?
12
Suppose -1014*c + 1084194 = -880*c. Calculate the highest common factor of c and 186.
93
Let h = 631 - -763. What is the greatest common factor of 102 and h?
34
Suppose i = 2*v + 3*v + 30, 2*v + 173 = 5*i. Let a be (77 + 9)*(-1 - (-4 + 2)). Let k = -16 + a. What is the highest common divisor of i and k?
35
Let